What is the tens digit of 1048?
4
What is the thousands digit of 130224?
0
What is the tens digit of 713?
1
What is the tens digit of 919?
1
What is the units digit of 1695?
5
What is the hundreds digit of 1441?
4
What is the units digit of 12054?
4
What is the tens digit of 606?
0
What is the hundred thousands digit of 114881?
1
What is the tens digit of 913?
1
What is the hundreds digit of 88929?
9
What is the thousands digit of 9368?
9
What is the hundreds digit of 750?
7
What is the tens digit of 37519?
1
What is the units digit of 2588?
8
What is the units digit of 286?
6
What is the tens digit of 1876?
7
What is the thousands digit of 3496?
3
What is the units digit of 7929?
9
What is the ten thousands digit of 46268?
4
What is the hundreds digit of 1305?
3
What is the units digit of 3723?
3
What is the units digit of 24106?
6
What is the units digit of 136?
6
What is the units digit of 457?
7
What is the hundreds digit of 1085?
0
What is the tens digit of 658?
5
What is the tens digit of 12841?
4
What is the hundreds digit of 1433?
4
What is the hundreds digit of 2800?
8
What is the thousands digit of 5114?
5
What is the tens digit of 57393?
9
What is the units digit of 20661?
1
What is the tens digit of 720?
2
What is the tens digit of 9074?
7
What is the units digit of 855?
5
What is the units digit of 9538?
8
What is the hundreds digit of 897?
8
What is the tens digit of 34969?
6
What is the units digit of 39?
9
What is the hundreds digit of 429?
4
What is the tens digit of 167?
6
What is the tens digit of 404?
0
What is the units digit of 1381?
1
What is the ten thousands digit of 73577?
7
What is the units digit of 990?
0
What is the tens digit of 1302?
0
What is the thousands digit of 52546?
2
What is the hundred thousands digit of 180254?
1
What is the tens digit of 9438?
3
What is the units digit of 1305?
5
What is the thousands digit of 4924?
4
What is the thousands digit of 2017?
2
What is the tens digit of 91?
9
What is the hundreds digit of 11296?
2
What is the tens digit of 3584?
8
What is the hundreds digit of 1030?
0
What is the thousands digit of 11042?
1
What is the ten thousands digit of 36525?
3
What is the tens digit of 7988?
8
What is the hundreds digit of 48953?
9
What is the thousands digit of 78360?
8
What is the thousands digit of 50746?
0
What is the hundreds digit of 10476?
4
What is the thousands digit of 28315?
8
What is the tens digit of 26445?
4
What is the tens digit of 11081?
8
What is the tens digit of 3515?
1
What is the hundreds digit of 4311?
3
What is the thousands digit of 8792?
8
What is the thousands digit of 26662?
6
What is the thousands digit of 10276?
0
What is the units digit of 48285?
5
What is the hundreds digit of 87682?
6
What is the tens digit of 15444?
4
What is the ten thousands digit of 63428?
6
What is the units digit of 25318?
8
What is the thousands digit of 3226?
3
What is the thousands digit of 3591?
3
What is the units digit of 13023?
3
What is the tens digit of 12586?
8
What is the tens digit of 16241?
4
What is the hundreds digit of 20770?
7
What is the tens digit of 4327?
2
What is the tens digit of 1763?
6
What is the hundreds digit of 50426?
4
What is the units digit of 19393?
3
What is the hundreds digit of 2193?
1
What is the hundreds digit of 35897?
8
What is the hundreds digit of 147103?
1
What is the units digit of 2059?
9
What is the hundreds digit of 1401?
4
What is the hundreds digit of 176?
1
What is the tens digit of 505?
0
What is the hundreds digit of 121607?
6
What is the thousands digit of 16595?
6
What is the units digit of 531?
1
What is the thousands digit of 4075?
4
What is the hundreds digit of 5161?
1
What is the tens digit of 535?
3
What is the tens digit of 719?
1
What is the ten thousands digit of 59801?
5
What is the units digit of 1943?
3
What is the hundreds digit of 1356?
3
What is the hundreds digit of 15280?
2
What is the thousands digit of 1919?
1
What is the thousands digit of 64995?
4
What is the tens digit of 1129?
2
What is the tens digit of 19?
1
What is the hundreds digit of 288?
2
What is the hundreds digit of 1407?
4
What is the units digit of 14643?
3
What is the units digit of 4691?
1
What is the thousands digit of 1181?
1
What is the hundreds digit of 8552?
5
What is the thousands digit of 12462?
2
What is the tens digit of 5271?
7
What is the hundreds digit of 855?
8
What is the hundreds digit of 684?
6
What is the tens digit of 27773?
7
What is the units digit of 879?
9
What is the tens digit of 930?
3
What is the tens digit of 102?
0
What is the units digit of 372?
2
What is the hundreds digit of 71323?
3
What is the thousands digit of 5366?
5
What is the tens digit of 60?
6
What is the units digit of 49064?
4
What is the hundreds digit of 1631?
6
What is the hundreds digit of 473?
4
What is the tens digit of 7098?
9
What is the tens digit of 5785?
8
What is the hundreds digit of 1443?
4
What is the tens digit of 1262?
6
What is the hundreds digit of 2662?
6
What is the ten thousands digit of 70785?
7
What is the thousands digit of 1025?
1
What is the hundreds digit of 48568?
5
What is the tens digit of 3309?
0
What is the thousands digit of 9472?
9
What is the ten thousands digit of 56304?
5
What is the tens digit of 2034?
3
What is the units digit of 6299?
9
What is the tens digit of 2421?
2
What is the units digit of 1089?
9
What is the ten thousands digit of 15460?
1
What is the tens digit of 3885?
8
What is the hundreds digit of 363?
3
What is the thousands digit of 149238?
9
What is the tens digit of 23825?
2
What is the tens digit of 45887?
8
What is the tens digit of 17393?
9
What is the thousands digit of 6805?
6
What is the hundreds digit of 3132?
1
What is the thousands digit of 29892?
9
What is the units digit of 826?
6
What is the tens digit of 63?
6
What is the tens digit of 17632?
3
What is the tens digit of 2561?
6
What is the hundreds digit of 350?
3
What is the hundreds digit of 120?
1
What is the hundreds digit of 5723?
7
What is the units digit of 316?
6
What is the thousands digit of 20116?
0
What is the ten thousands digit of 18092?
1
What is the tens digit of 13217?
1
What is the tens digit of 1689?
8
What is the units digit of 638?
8
What is the tens digit of 852?
5
What is the hundreds digit of 55108?
1
What is the units digit of 4083?
3
What is the units digit of 2204?
4
What is the tens digit of 144?
4
What is the units digit of 28065?
5
What is the units digit of 34523?
3
What is the units digit of 18770?
0
What is the units digit of 15934?
4
What is the hundreds digit of 148847?
8
What is the hundreds digit of 168422?
4
What is the ten thousands digit of 16014?
1
What is the hundreds digit of 145637?
6
What is the hundreds digit of 3652?
6
What is the thousands digit of 8994?
8
What is the units digit of 19299?
9
What is the tens digit of 45?
4
What is the thousands digit of 4220?
4
What is the tens digit of 196?
9
What is the thousands digit of 14211?
4
What is the thousands digit of 7546?
7
What is the thousands digit of 18368?
8
What is the tens digit of 1260?
6
What is the tens digit of 987?
8
What is the units digit of 45344?
4
What is the hundreds digit of 1529?
5
What is the tens digit of 1484?
8
What is the units digit of 4447?
7
What is the tens digit of 2569?
6
What is the units digit of 1258?
8
What is the units digit of 1516?
6
What is the units digit of 1160?
0
What is the thousands digit of 7973?
7
What is the units digit of 1538?
8
What is the thousands digit of 1436?
1
What is the thousands digit of 2821?
2
What is the hundreds digit of 84450?
4
What is the hundreds digit of 63577?
5
What is the tens digit of 51302?
0
What is the units digit of 14029?
9
What is the hundreds digit of 1017?
0
What is the hundreds digit of 63190?
1
What is the hundreds digit of 1114?
1
What is the tens digit of 2793?
9
What is the hundreds digit of 17872?
8
What is the units digit of 7612?
2
What is the thousands digit of 2661?
2
What is the tens digit of 1377?
7
What is the ten thousands digit of 11812?
1
What is the hundreds digit of 5514?
5
What is the tens digit of 915?
1
What is the thousands digit of 30236?
0
What is the thousands digit of 1078?
1
What is the thousands digit of 4246?
4
What is 